{"id":30,"date":"2021-02-06T02:36:56","date_gmt":"2021-02-06T02:36:56","guid":{"rendered":"http:\/\/clubtecleno.org\/?page_id=30"},"modified":"2021-10-15T00:17:15","modified_gmt":"2021-10-15T00:17:15","slug":"tour","status":"publish","type":"page","link":"https:\/\/clubtecleno.org\/index.php\/tour\/","title":{"rendered":"Tour Central"},"content":{"rendered":"\n<p>Ubicado en una zona c\u00e9ntrica y accesible de nuestra querida Santa Tecla, Club Central se posiciona como el club social por excelencia de los Tecle\u00f1os, ofreci\u00e9ndoles la m\u00e1s exquisita y variada gastronom\u00eda, as\u00ed como promociones y actividades diferenciadas para sus asociados.&nbsp;<\/p>\n\n\n\n<p>Club Central cuenta con \u00e1reas verdes, ideales para disfrutar de la tranquilidad de una tarde soleada, en compa\u00f1\u00eda de un delicioso caf\u00e9 de la casa y de tus seres queridos. De igual manera, podr\u00e1s ejercitarte en nuestra piscina semi-ol\u00edmpica, disponible de martes a domingo desde las 6:00 A.M. Tambi\u00e9n, los m\u00e1s peque\u00f1os del hogar podr\u00e1n divertirse en la piscina infantil.<\/p>\n\n\n\n<p>Club Tecle\u00f1o siempre reconoce la importancia de todos los deportistas, por lo que pone a tu disposici\u00f3n las canchas de tenis, f\u00fatbol y b\u00e1squetbol, para que tanto chicos como grandes puedan ejercitarse, practicar el deporte que m\u00e1s les guste y sobretodo, que puedan pasar momentos de sano esparcimiento entre familia y amigos.<\/p>\n\n\n\n<p>La diversidad de espacios y salones disponibles en nuestro Club nos convierten en el lugar ideal para festejar eventos sociales o corporativos, tales como desayunos, almuerzos, cenas, celebraciones de pi\u00f1atas, bodas, comuniones, etc. Adem\u00e1s, contamos con personal altamente capacitado para servirte en esos momentos tan especiales de tu vida.<\/p>\n\n\n\n<figure class=\"wp-block-gallery columns-3 is-cropped #slb_viewer_wrap .slb_theme_slb_default .slb_group_status { color: #777; font-style: italic; font-size: 18.4px; display: none; } wp-block-gallery-1 is-layout-flex wp-block-gallery-is-layout-flex\"><ul class=\"blocks-gallery-grid\"><li class=\"blocks-gallery-item\"><figure><a href=\"https:\/\/clubtecleno.org\/wp-content\/uploads\/2021\/03\/playa-clubtecleno-elsalvador18-min.jpg\"><img fetchpriority=\"high\" decoding=\"async\" width=\"1024\" height=\"644\" src=\"https:\/\/clubtecleno.org\/wp-content\/uploads\/2021\/03\/playa-clubtecleno-elsalvador18-min-1024x644.jpg\" alt=\"\" data-id=\"559\" data-full-url=\"https:\/\/clubtecleno.org\/wp-content\/uploads\/2021\/03\/playa-clubtecleno-elsalvador18-min.jpg\" data-link=\"https:\/\/clubtecleno.org\/index.php\/beneficios\/playa-clubtecleno-elsalvador18-min\/\" class=\"wp-image-559\" srcset=\"https:\/\/clubtecleno.org\/wp-content\/uploads\/2021\/03\/playa-clubtecleno-elsalvador18-min-1024x644.jpg 1024w, https:\/\/clubtecleno.org\/wp-content\/uploads\/2021\/03\/playa-clubtecleno-elsalvador18-min-300x189.jpg 300w, https:\/\/clubtecleno.org\/wp-content\/uploads\/2021\/03\/playa-clubtecleno-elsalvador18-min-768x483.jpg 768w, https:\/\/clubtecleno.org\/wp-content\/uploads\/2021\/03\/playa-clubtecleno-elsalvador18-min-1536x965.jpg 1536w, https:\/\/clubtecleno.org\/wp-content\/uploads\/2021\/03\/playa-clubtecleno-elsalvador18-min.jpg 2000w\" sizes=\"(max-width: 1024px) 100vw, 1024px\" \/><\/a><figcaption class=\"blocks-gallery-item__caption\">Entrada Principal<\/figcaption><\/figure><\/li><li class=\"blocks-gallery-item\"><figure><a href=\"https:\/\/clubtecleno.org\/wp-content\/uploads\/2021\/02\/areas-verdes-club-tecleno-elsalvador355-min.jpg\"><img decoding=\"async\" width=\"1024\" height=\"682\" src=\"https:\/\/clubtecleno.org\/wp-content\/uploads\/2021\/02\/areas-verdes-club-tecleno-elsalvador355-min-1024x682.jpg\" alt=\"Un club con ambiente natural\" data-id=\"372\" data-full-url=\"https:\/\/clubtecleno.org\/wp-content\/uploads\/2021\/02\/areas-verdes-club-tecleno-elsalvador355-min.jpg\" data-link=\"https:\/\/clubtecleno.org\/areas-verdes-club-tecleno-elsalvador355-min\/\" class=\"wp-image-372\" srcset=\"https:\/\/clubtecleno.org\/wp-content\/uploads\/2021\/02\/areas-verdes-club-tecleno-elsalvador355-min-1024x682.jpg 1024w, https:\/\/clubtecleno.org\/wp-content\/uploads\/2021\/02\/areas-verdes-club-tecleno-elsalvador355-min-300x200.jpg 300w, https:\/\/clubtecleno.org\/wp-content\/uploads\/2021\/02\/areas-verdes-club-tecleno-elsalvador355-min-768x512.jpg 768w, https:\/\/clubtecleno.org\/wp-content\/uploads\/2021\/02\/areas-verdes-club-tecleno-elsalvador355-min-1536x1024.jpg 1536w, https:\/\/clubtecleno.org\/wp-content\/uploads\/2021\/02\/areas-verdes-club-tecleno-elsalvador355-min.jpg 2000w\" sizes=\"(max-width: 1024px) 100vw, 1024px\" \/><\/a><figcaption class=\"blocks-gallery-item__caption\">Contamos con amplias \u00e1reas verdes, donde podr\u00e1s tener un contacto cercano con la naturaleza.<\/figcaption><\/figure><\/li><li class=\"blocks-gallery-item\"><figure><a href=\"https:\/\/clubtecleno.org\/wp-content\/uploads\/2021\/02\/areas-verdes-club-tecleno-elsalvador466-min.jpg\"><img decoding=\"async\" width=\"1024\" height=\"682\" src=\"https:\/\/clubtecleno.org\/wp-content\/uploads\/2021\/02\/areas-verdes-club-tecleno-elsalvador466-min-1024x682.jpg\" alt=\"\" data-id=\"373\" data-full-url=\"https:\/\/clubtecleno.org\/wp-content\/uploads\/2021\/02\/areas-verdes-club-tecleno-elsalvador466-min.jpg\" data-link=\"https:\/\/clubtecleno.org\/areas-verdes-club-tecleno-elsalvador466-min\/\" class=\"wp-image-373\" srcset=\"https:\/\/clubtecleno.org\/wp-content\/uploads\/2021\/02\/areas-verdes-club-tecleno-elsalvador466-min-1024x682.jpg 1024w, https:\/\/clubtecleno.org\/wp-content\/uploads\/2021\/02\/areas-verdes-club-tecleno-elsalvador466-min-300x200.jpg 300w, https:\/\/clubtecleno.org\/wp-content\/uploads\/2021\/02\/areas-verdes-club-tecleno-elsalvador466-min-768x512.jpg 768w, https:\/\/clubtecleno.org\/wp-content\/uploads\/2021\/02\/areas-verdes-club-tecleno-elsalvador466-min-1536x1024.jpg 1536w, https:\/\/clubtecleno.org\/wp-content\/uploads\/2021\/02\/areas-verdes-club-tecleno-elsalvador466-min.jpg 2000w\" sizes=\"(max-width: 1024px) 100vw, 1024px\" \/><\/a><figcaption class=\"blocks-gallery-item__caption\">Amplios jardines<\/figcaption><\/figure><\/li><li class=\"blocks-gallery-item\"><figure><a href=\"https:\/\/clubtecleno.org\/wp-content\/uploads\/2021\/02\/piscinaolimpica-clubtecleno2-min.jpg\"><img loading=\"lazy\" decoding=\"async\" width=\"1024\" height=\"682\" src=\"https:\/\/clubtecleno.org\/wp-content\/uploads\/2021\/02\/piscinaolimpica-clubtecleno2-min-1024x682.jpg\" alt=\"\" data-id=\"374\" data-full-url=\"https:\/\/clubtecleno.org\/wp-content\/uploads\/2021\/02\/piscinaolimpica-clubtecleno2-min.jpg\" data-link=\"https:\/\/clubtecleno.org\/piscinaolimpica-clubtecleno2-min\/\" class=\"wp-image-374\" srcset=\"https:\/\/clubtecleno.org\/wp-content\/uploads\/2021\/02\/piscinaolimpica-clubtecleno2-min-1024x682.jpg 1024w, https:\/\/clubtecleno.org\/wp-content\/uploads\/2021\/02\/piscinaolimpica-clubtecleno2-min-300x200.jpg 300w, https:\/\/clubtecleno.org\/wp-content\/uploads\/2021\/02\/piscinaolimpica-clubtecleno2-min-768x512.jpg 768w, https:\/\/clubtecleno.org\/wp-content\/uploads\/2021\/02\/piscinaolimpica-clubtecleno2-min-1536x1024.jpg 1536w, https:\/\/clubtecleno.org\/wp-content\/uploads\/2021\/02\/piscinaolimpica-clubtecleno2-min.jpg 2000w\" sizes=\"(max-width: 1024px) 100vw, 1024px\" \/><\/a><figcaption class=\"blocks-gallery-item__caption\">Piscina semi-ol\u00edmpica<\/figcaption><\/figure><\/li><li class=\"blocks-gallery-item\"><figure><a href=\"https:\/\/clubtecleno.org\/wp-content\/uploads\/2021\/02\/piscinainfantil1-min.jpg\"><img loading=\"lazy\" decoding=\"async\" width=\"1024\" height=\"682\" src=\"https:\/\/clubtecleno.org\/wp-content\/uploads\/2021\/02\/piscinainfantil1-min-1024x682.jpg\" alt=\"\" data-id=\"375\" data-full-url=\"https:\/\/clubtecleno.org\/wp-content\/uploads\/2021\/02\/piscinainfantil1-min.jpg\" data-link=\"https:\/\/clubtecleno.org\/piscinainfantil1-min\/\" class=\"wp-image-375\" srcset=\"https:\/\/clubtecleno.org\/wp-content\/uploads\/2021\/02\/piscinainfantil1-min-1024x682.jpg 1024w, https:\/\/clubtecleno.org\/wp-content\/uploads\/2021\/02\/piscinainfantil1-min-300x200.jpg 300w, https:\/\/clubtecleno.org\/wp-content\/uploads\/2021\/02\/piscinainfantil1-min-768x512.jpg 768w, https:\/\/clubtecleno.org\/wp-content\/uploads\/2021\/02\/piscinainfantil1-min-1536x1024.jpg 1536w, https:\/\/clubtecleno.org\/wp-content\/uploads\/2021\/02\/piscinainfantil1-min.jpg 2000w\" sizes=\"(max-width: 1024px) 100vw, 1024px\" \/><\/a><figcaption class=\"blocks-gallery-item__caption\">Piscina infantil para los peque\u00f1os socios<\/figcaption><\/figure><\/li><li class=\"blocks-gallery-item\"><figure><a href=\"https:\/\/clubtecleno.org\/wp-content\/uploads\/2021\/02\/cancha-tenis-clubtecleno-min.jpg\"><img loading=\"lazy\" decoding=\"async\" width=\"1024\" height=\"682\" src=\"https:\/\/clubtecleno.org\/wp-content\/uploads\/2021\/02\/cancha-tenis-clubtecleno-min-1024x682.jpg\" alt=\"\" data-id=\"378\" data-full-url=\"https:\/\/clubtecleno.org\/wp-content\/uploads\/2021\/02\/cancha-tenis-clubtecleno-min.jpg\" data-link=\"https:\/\/clubtecleno.org\/cancha-tenis-clubtecleno-min\/\" class=\"wp-image-378\" srcset=\"https:\/\/clubtecleno.org\/wp-content\/uploads\/2021\/02\/cancha-tenis-clubtecleno-min-1024x682.jpg 1024w, https:\/\/clubtecleno.org\/wp-content\/uploads\/2021\/02\/cancha-tenis-clubtecleno-min-300x200.jpg 300w, https:\/\/clubtecleno.org\/wp-content\/uploads\/2021\/02\/cancha-tenis-clubtecleno-min-768x512.jpg 768w, https:\/\/clubtecleno.org\/wp-content\/uploads\/2021\/02\/cancha-tenis-clubtecleno-min-1536x1024.jpg 1536w, https:\/\/clubtecleno.org\/wp-content\/uploads\/2021\/02\/cancha-tenis-clubtecleno-min.jpg 2000w\" sizes=\"(max-width: 1024px) 100vw, 1024px\" \/><\/a><figcaption class=\"blocks-gallery-item__caption\">\u00bfAlma deportista? \u00a1Disfruta de nuestras canchas de tenis.<\/figcaption><\/figure><\/li><li class=\"blocks-gallery-item\"><figure><a href=\"https:\/\/clubtecleno.org\/wp-content\/uploads\/2021\/02\/canchasclubtecleno-min.jpg\"><img loading=\"lazy\" decoding=\"async\" width=\"1024\" height=\"682\" src=\"https:\/\/clubtecleno.org\/wp-content\/uploads\/2021\/02\/canchasclubtecleno-min-1024x682.jpg\" alt=\"\" data-id=\"380\" data-full-url=\"https:\/\/clubtecleno.org\/wp-content\/uploads\/2021\/02\/canchasclubtecleno-min.jpg\" data-link=\"https:\/\/clubtecleno.org\/canchasclubtecleno-min\/\" class=\"wp-image-380\" srcset=\"https:\/\/clubtecleno.org\/wp-content\/uploads\/2021\/02\/canchasclubtecleno-min-1024x682.jpg 1024w, https:\/\/clubtecleno.org\/wp-content\/uploads\/2021\/02\/canchasclubtecleno-min-300x200.jpg 300w, https:\/\/clubtecleno.org\/wp-content\/uploads\/2021\/02\/canchasclubtecleno-min-768x512.jpg 768w, https:\/\/clubtecleno.org\/wp-content\/uploads\/2021\/02\/canchasclubtecleno-min-1536x1024.jpg 1536w, https:\/\/clubtecleno.org\/wp-content\/uploads\/2021\/02\/canchasclubtecleno-min.jpg 2000w\" sizes=\"(max-width: 1024px) 100vw, 1024px\" \/><\/a><figcaption class=\"blocks-gallery-item__caption\">Practica tu deporte favorito en nuestras instalaciones<\/figcaption><\/figure><\/li><li class=\"blocks-gallery-item\"><figure><a href=\"https:\/\/clubtecleno.org\/wp-content\/uploads\/2021\/02\/canchabasket-clubtecleno-min.jpg\"><img loading=\"lazy\" decoding=\"async\" width=\"1024\" height=\"682\" src=\"https:\/\/clubtecleno.org\/wp-content\/uploads\/2021\/02\/canchabasket-clubtecleno-min-1024x682.jpg\" alt=\"\" data-id=\"382\" data-full-url=\"https:\/\/clubtecleno.org\/wp-content\/uploads\/2021\/02\/canchabasket-clubtecleno-min.jpg\" data-link=\"https:\/\/clubtecleno.org\/canchabasket-clubtecleno-min\/\" class=\"wp-image-382\" srcset=\"https:\/\/clubtecleno.org\/wp-content\/uploads\/2021\/02\/canchabasket-clubtecleno-min-1024x682.jpg 1024w, https:\/\/clubtecleno.org\/wp-content\/uploads\/2021\/02\/canchabasket-clubtecleno-min-300x200.jpg 300w, https:\/\/clubtecleno.org\/wp-content\/uploads\/2021\/02\/canchabasket-clubtecleno-min-768x512.jpg 768w, https:\/\/clubtecleno.org\/wp-content\/uploads\/2021\/02\/canchabasket-clubtecleno-min-1536x1024.jpg 1536w, https:\/\/clubtecleno.org\/wp-content\/uploads\/2021\/02\/canchabasket-clubtecleno-min.jpg 2000w\" sizes=\"(max-width: 1024px) 100vw, 1024px\" \/><\/a><figcaption class=\"blocks-gallery-item__caption\">Disfruta de nuestra cancha de basketball<\/figcaption><\/figure><\/li><li class=\"blocks-gallery-item\"><figure><a href=\"https:\/\/clubtecleno.org\/wp-content\/uploads\/2021\/02\/teniscancha-clubtecleno-min.jpg\"><img loading=\"lazy\" decoding=\"async\" width=\"1024\" height=\"682\" src=\"https:\/\/clubtecleno.org\/wp-content\/uploads\/2021\/02\/teniscancha-clubtecleno-min-1024x682.jpg\" alt=\"\" data-id=\"383\" data-full-url=\"https:\/\/clubtecleno.org\/wp-content\/uploads\/2021\/02\/teniscancha-clubtecleno-min.jpg\" data-link=\"https:\/\/clubtecleno.org\/teniscancha-clubtecleno-min\/\" class=\"wp-image-383\" srcset=\"https:\/\/clubtecleno.org\/wp-content\/uploads\/2021\/02\/teniscancha-clubtecleno-min-1024x682.jpg 1024w, https:\/\/clubtecleno.org\/wp-content\/uploads\/2021\/02\/teniscancha-clubtecleno-min-300x200.jpg 300w, https:\/\/clubtecleno.org\/wp-content\/uploads\/2021\/02\/teniscancha-clubtecleno-min-768x512.jpg 768w, https:\/\/clubtecleno.org\/wp-content\/uploads\/2021\/02\/teniscancha-clubtecleno-min-1536x1024.jpg 1536w, https:\/\/clubtecleno.org\/wp-content\/uploads\/2021\/02\/teniscancha-clubtecleno-min.jpg 2000w\" sizes=\"(max-width: 1024px) 100vw, 1024px\" \/><\/a><figcaption class=\"blocks-gallery-item__caption\">Nuestras amplias \u00e1reas deportivas te esperan.<\/figcaption><\/figure><\/li><\/ul><\/figure>\n","protected":false},"excerpt":{"rendered":"<p>Ubicado en una zona c\u00e9ntrica y accesible de nuestra querida Santa Tecla, Club Central se posiciona como el club social por excelencia de los Tecle\u00f1os, ofreci\u00e9ndoles la m\u00e1s exquisita y variada gastronom\u00eda, as\u00ed como promociones y actividades diferenciadas para sus asociados.&nbsp; Club Central cuenta con \u00e1reas verdes, ideales para disfrutar&#8230;<\/p>\n","protected":false},"author":2,"featured_media":0,"parent":0,"menu_order":0,"comment_status":"closed","ping_status":"closed","template":"page-templates\/full-width.php","meta":{"footnotes":""},"class_list":["post-30","page","type-page","status-publish","hentry"],"_links":{"self":[{"href":"https:\/\/clubtecleno.org\/index.php\/wp-json\/wp\/v2\/pages\/30","targetHints":{"allow":["GET"]}}],"collection":[{"href":"https:\/\/clubtecleno.org\/index.php\/wp-json\/wp\/v2\/pages"}],"about":[{"href":"https:\/\/clubtecleno.org\/index.php\/wp-json\/wp\/v2\/types\/page"}],"author":[{"embeddable":true,"href":"https:\/\/clubtecleno.org\/index.php\/wp-json\/wp\/v2\/users\/2"}],"replies":[{"embeddable":true,"href":"https:\/\/clubtecleno.org\/index.php\/wp-json\/wp\/v2\/comments?post=30"}],"version-history":[{"count":37,"href":"https:\/\/clubtecleno.org\/index.php\/wp-json\/wp\/v2\/pages\/30\/revisions"}],"predecessor-version":[{"id":1308,"href":"https:\/\/clubtecleno.org\/index.php\/wp-json\/wp\/v2\/pages\/30\/revisions\/1308"}],"wp:attachment":[{"href":"https:\/\/clubtecleno.org\/index.php\/wp-json\/wp\/v2\/media?parent=30"}],"curies":[{"name":"wp","href":"https:\/\/api.w.org\/{rel}","templated":true}]}}