{"id":20,"date":"2021-02-06T02:35:55","date_gmt":"2021-02-06T02:35:55","guid":{"rendered":"http:\/\/clubtecleno.org\/?page_id=20"},"modified":"2021-05-29T02:15:33","modified_gmt":"2021-05-29T02:15:33","slug":"estatutos","status":"publish","type":"page","link":"https:\/\/clubtecleno.org\/index.php\/estatutos\/","title":{"rendered":"Estatutos"},"content":{"rendered":"\t\t<div data-elementor-type=\"wp-page\" data-elementor-id=\"20\" class=\"elementor elementor-20\">\n\t\t\t\t\t\t<section class=\"elementor-section elementor-top-section elementor-element elementor-element-4be21bf elementor-section-boxed elementor-section-height-default elementor-section-height-default\" data-id=\"4be21bf\" data-element_type=\"section\">\n\t\t\t\t\t\t<div class=\"elementor-container elementor-column-gap-default\">\n\t\t\t\t\t<div class=\"elementor-column elementor-col-100 elementor-top-column elementor-element elementor-element-671a7a3\" data-id=\"671a7a3\" data-element_type=\"column\">\n\t\t\t<div class=\"elementor-widget-wrap elementor-element-populated\">\n\t\t\t\t\t\t<div class=\"elementor-element elementor-element-1c509b4 elementor-tabs-view-horizontal elementor-widget elementor-widget-tabs\" data-id=\"1c509b4\" data-element_type=\"widget\" data-widget_type=\"tabs.default\">\n\t\t\t\t<div class=\"elementor-widget-container\">\n\t\t\t\t\t\t\t<div class=\"elementor-tabs\">\n\t\t\t<div class=\"elementor-tabs-wrapper\" role=\"tablist\" >\n\t\t\t\t\t\t\t\t\t<div id=\"elementor-tab-title-2961\" class=\"elementor-tab-title elementor-tab-desktop-title\" aria-selected=\"true\" data-tab=\"1\" role=\"tab\" tabindex=\"0\" aria-controls=\"elementor-tab-content-2961\" aria-expanded=\"false\">P\u00e1gina 1<\/div>\n\t\t\t\t\t\t\t\t\t<div id=\"elementor-tab-title-2962\" class=\"elementor-tab-title elementor-tab-desktop-title\" aria-selected=\"false\" data-tab=\"2\" role=\"tab\" tabindex=\"-1\" aria-controls=\"elementor-tab-content-2962\" aria-expanded=\"false\">P\u00e1gina 2<\/div>\n\t\t\t\t\t\t\t\t\t<div id=\"elementor-tab-title-2963\" class=\"elementor-tab-title elementor-tab-desktop-title\" aria-selected=\"false\" data-tab=\"3\" role=\"tab\" tabindex=\"-1\" aria-controls=\"elementor-tab-content-2963\" aria-expanded=\"false\">P\u00e1gina 3<\/div>\n\t\t\t\t\t\t\t\t\t<div id=\"elementor-tab-title-2964\" class=\"elementor-tab-title elementor-tab-desktop-title\" aria-selected=\"false\" data-tab=\"4\" role=\"tab\" tabindex=\"-1\" aria-controls=\"elementor-tab-content-2964\" aria-expanded=\"false\">P\u00e1gina 4<\/div>\n\t\t\t\t\t\t\t\t\t<div id=\"elementor-tab-title-2965\" class=\"elementor-tab-title elementor-tab-desktop-title\" aria-selected=\"false\" data-tab=\"5\" role=\"tab\" tabindex=\"-1\" aria-controls=\"elementor-tab-content-2965\" aria-expanded=\"false\">P\u00e1gina 5<\/div>\n\t\t\t\t\t\t\t\t\t<div id=\"elementor-tab-title-2966\" class=\"elementor-tab-title elementor-tab-desktop-title\" aria-selected=\"false\" data-tab=\"6\" role=\"tab\" tabindex=\"-1\" aria-controls=\"elementor-tab-content-2966\" aria-expanded=\"false\">P\u00e1gina 6<\/div>\n\t\t\t\t\t\t\t\t\t<div id=\"elementor-tab-title-2967\" class=\"elementor-tab-title elementor-tab-desktop-title\" aria-selected=\"false\" data-tab=\"7\" role=\"tab\" tabindex=\"-1\" aria-controls=\"elementor-tab-content-2967\" aria-expanded=\"false\">P\u00e1gina 7<\/div>\n\t\t\t\t\t\t\t\t\t<div id=\"elementor-tab-title-2968\" class=\"elementor-tab-title elementor-tab-desktop-title\" aria-selected=\"false\" data-tab=\"8\" role=\"tab\" tabindex=\"-1\" aria-controls=\"elementor-tab-content-2968\" aria-expanded=\"false\">P\u00e1gina 8<\/div>\n\t\t\t\t\t\t\t\t\t<div id=\"elementor-tab-title-2969\" class=\"elementor-tab-title elementor-tab-desktop-title\" aria-selected=\"false\" data-tab=\"9\" role=\"tab\" tabindex=\"-1\" aria-controls=\"elementor-tab-content-2969\" aria-expanded=\"false\">P\u00e1gina 9<\/div>\n\t\t\t\t\t\t\t\t\t<div id=\"elementor-tab-title-29610\" class=\"elementor-tab-title elementor-tab-desktop-title\" aria-selected=\"false\" data-tab=\"10\" role=\"tab\" tabindex=\"-1\" aria-controls=\"elementor-tab-content-29610\" aria-expanded=\"false\">P\u00e1gina 10<\/div>\n\t\t\t\t\t\t\t<\/div>\n\t\t\t<div class=\"elementor-tabs-content-wrapper\" role=\"tablist\" aria-orientation=\"vertical\">\n\t\t\t\t\t\t\t\t\t<div class=\"elementor-tab-title elementor-tab-mobile-title\" aria-selected=\"true\" data-tab=\"1\" role=\"tab\" tabindex=\"0\" aria-controls=\"elementor-tab-content-2961\" aria-expanded=\"false\">P\u00e1gina 1<\/div>\n\t\t\t\t\t<div id=\"elementor-tab-content-2961\" class=\"elementor-tab-content elementor-clearfix\" data-tab=\"1\" role=\"tabpanel\" aria-labelledby=\"elementor-tab-title-2961\" tabindex=\"0\" hidden=\"false\"><p><img fetchpriority=\"high\" decoding=\"async\" class=\"alignnone wp-image-341 size-full\" src=\"https:\/\/clubtecleno.org\/wp-content\/uploads\/2021\/02\/0001-scaled.jpg\" alt=\"\" width=\"2560\" height=\"1978\" srcset=\"https:\/\/clubtecleno.org\/wp-content\/uploads\/2021\/02\/0001-scaled.jpg 2560w, https:\/\/clubtecleno.org\/wp-content\/uploads\/2021\/02\/0001-300x232.jpg 300w, https:\/\/clubtecleno.org\/wp-content\/uploads\/2021\/02\/0001-1024x791.jpg 1024w, https:\/\/clubtecleno.org\/wp-content\/uploads\/2021\/02\/0001-768x593.jpg 768w, https:\/\/clubtecleno.org\/wp-content\/uploads\/2021\/02\/0001-1536x1187.jpg 1536w, https:\/\/clubtecleno.org\/wp-content\/uploads\/2021\/02\/0001-2048x1583.jpg 2048w\" sizes=\"(max-width: 2560px) 100vw, 2560px\" \/><\/p><\/div>\n\t\t\t\t\t\t\t\t\t<div class=\"elementor-tab-title elementor-tab-mobile-title\" aria-selected=\"false\" data-tab=\"2\" role=\"tab\" tabindex=\"-1\" aria-controls=\"elementor-tab-content-2962\" aria-expanded=\"false\">P\u00e1gina 2<\/div>\n\t\t\t\t\t<div id=\"elementor-tab-content-2962\" class=\"elementor-tab-content elementor-clearfix\" data-tab=\"2\" role=\"tabpanel\" aria-labelledby=\"elementor-tab-title-2962\" tabindex=\"0\" hidden=\"hidden\"><p><img decoding=\"async\" class=\"alignnone wp-image-342 size-full\" src=\"https:\/\/clubtecleno.org\/wp-content\/uploads\/2021\/02\/0002-scaled.jpg\" alt=\"\" width=\"2560\" height=\"1978\" srcset=\"https:\/\/clubtecleno.org\/wp-content\/uploads\/2021\/02\/0002-scaled.jpg 2560w, https:\/\/clubtecleno.org\/wp-content\/uploads\/2021\/02\/0002-300x232.jpg 300w, https:\/\/clubtecleno.org\/wp-content\/uploads\/2021\/02\/0002-1024x791.jpg 1024w, https:\/\/clubtecleno.org\/wp-content\/uploads\/2021\/02\/0002-768x593.jpg 768w, https:\/\/clubtecleno.org\/wp-content\/uploads\/2021\/02\/0002-1536x1187.jpg 1536w, https:\/\/clubtecleno.org\/wp-content\/uploads\/2021\/02\/0002-2048x1583.jpg 2048w\" sizes=\"(max-width: 2560px) 100vw, 2560px\" \/><\/p><\/div>\n\t\t\t\t\t\t\t\t\t<div class=\"elementor-tab-title elementor-tab-mobile-title\" aria-selected=\"false\" data-tab=\"3\" role=\"tab\" tabindex=\"-1\" aria-controls=\"elementor-tab-content-2963\" aria-expanded=\"false\">P\u00e1gina 3<\/div>\n\t\t\t\t\t<div id=\"elementor-tab-content-2963\" class=\"elementor-tab-content elementor-clearfix\" data-tab=\"3\" role=\"tabpanel\" aria-labelledby=\"elementor-tab-title-2963\" tabindex=\"0\" hidden=\"hidden\"><p><img decoding=\"async\" class=\"alignnone size-full wp-image-343\" src=\"https:\/\/clubtecleno.org\/wp-content\/uploads\/2021\/02\/0003-scaled.jpg\" alt=\"\" width=\"2560\" height=\"1978\" srcset=\"https:\/\/clubtecleno.org\/wp-content\/uploads\/2021\/02\/0003-scaled.jpg 2560w, https:\/\/clubtecleno.org\/wp-content\/uploads\/2021\/02\/0003-300x232.jpg 300w, https:\/\/clubtecleno.org\/wp-content\/uploads\/2021\/02\/0003-1024x791.jpg 1024w, https:\/\/clubtecleno.org\/wp-content\/uploads\/2021\/02\/0003-768x593.jpg 768w, https:\/\/clubtecleno.org\/wp-content\/uploads\/2021\/02\/0003-1536x1187.jpg 1536w, https:\/\/clubtecleno.org\/wp-content\/uploads\/2021\/02\/0003-2048x1583.jpg 2048w\" sizes=\"(max-width: 2560px) 100vw, 2560px\" \/><\/p><\/div>\n\t\t\t\t\t\t\t\t\t<div class=\"elementor-tab-title elementor-tab-mobile-title\" aria-selected=\"false\" data-tab=\"4\" role=\"tab\" tabindex=\"-1\" aria-controls=\"elementor-tab-content-2964\" aria-expanded=\"false\">P\u00e1gina 4<\/div>\n\t\t\t\t\t<div id=\"elementor-tab-content-2964\" class=\"elementor-tab-content elementor-clearfix\" data-tab=\"4\" role=\"tabpanel\" aria-labelledby=\"elementor-tab-title-2964\" tabindex=\"0\" hidden=\"hidden\"><p><img loading=\"lazy\" decoding=\"async\" class=\"alignnone size-full wp-image-344\" src=\"https:\/\/clubtecleno.org\/wp-content\/uploads\/2021\/02\/0005-scaled.jpg\" alt=\"\" width=\"2560\" height=\"1978\" srcset=\"https:\/\/clubtecleno.org\/wp-content\/uploads\/2021\/02\/0005-scaled.jpg 2560w, https:\/\/clubtecleno.org\/wp-content\/uploads\/2021\/02\/0005-300x232.jpg 300w, https:\/\/clubtecleno.org\/wp-content\/uploads\/2021\/02\/0005-1024x791.jpg 1024w, https:\/\/clubtecleno.org\/wp-content\/uploads\/2021\/02\/0005-768x593.jpg 768w, https:\/\/clubtecleno.org\/wp-content\/uploads\/2021\/02\/0005-1536x1187.jpg 1536w, https:\/\/clubtecleno.org\/wp-content\/uploads\/2021\/02\/0005-2048x1583.jpg 2048w\" sizes=\"(max-width: 2560px) 100vw, 2560px\" \/><\/p><\/div>\n\t\t\t\t\t\t\t\t\t<div class=\"elementor-tab-title elementor-tab-mobile-title\" aria-selected=\"false\" data-tab=\"5\" role=\"tab\" tabindex=\"-1\" aria-controls=\"elementor-tab-content-2965\" aria-expanded=\"false\">P\u00e1gina 5<\/div>\n\t\t\t\t\t<div id=\"elementor-tab-content-2965\" class=\"elementor-tab-content elementor-clearfix\" data-tab=\"5\" role=\"tabpanel\" aria-labelledby=\"elementor-tab-title-2965\" tabindex=\"0\" hidden=\"hidden\"><p><img loading=\"lazy\" decoding=\"async\" class=\"alignnone size-full wp-image-345\" src=\"https:\/\/clubtecleno.org\/wp-content\/uploads\/2021\/02\/0004-scaled.jpg\" alt=\"\" width=\"2560\" height=\"1978\" srcset=\"https:\/\/clubtecleno.org\/wp-content\/uploads\/2021\/02\/0004-scaled.jpg 2560w, https:\/\/clubtecleno.org\/wp-content\/uploads\/2021\/02\/0004-300x232.jpg 300w, https:\/\/clubtecleno.org\/wp-content\/uploads\/2021\/02\/0004-1024x791.jpg 1024w, https:\/\/clubtecleno.org\/wp-content\/uploads\/2021\/02\/0004-768x593.jpg 768w, https:\/\/clubtecleno.org\/wp-content\/uploads\/2021\/02\/0004-1536x1187.jpg 1536w, https:\/\/clubtecleno.org\/wp-content\/uploads\/2021\/02\/0004-2048x1583.jpg 2048w\" sizes=\"(max-width: 2560px) 100vw, 2560px\" \/><\/p><\/div>\n\t\t\t\t\t\t\t\t\t<div class=\"elementor-tab-title elementor-tab-mobile-title\" aria-selected=\"false\" data-tab=\"6\" role=\"tab\" tabindex=\"-1\" aria-controls=\"elementor-tab-content-2966\" aria-expanded=\"false\">P\u00e1gina 6<\/div>\n\t\t\t\t\t<div id=\"elementor-tab-content-2966\" class=\"elementor-tab-content elementor-clearfix\" data-tab=\"6\" role=\"tabpanel\" aria-labelledby=\"elementor-tab-title-2966\" tabindex=\"0\" hidden=\"hidden\"><p><img loading=\"lazy\" decoding=\"async\" class=\"alignnone size-full wp-image-347\" src=\"https:\/\/clubtecleno.org\/wp-content\/uploads\/2021\/02\/0006-scaled.jpg\" alt=\"\" width=\"2560\" height=\"1978\" srcset=\"https:\/\/clubtecleno.org\/wp-content\/uploads\/2021\/02\/0006-scaled.jpg 2560w, https:\/\/clubtecleno.org\/wp-content\/uploads\/2021\/02\/0006-300x232.jpg 300w, https:\/\/clubtecleno.org\/wp-content\/uploads\/2021\/02\/0006-1024x791.jpg 1024w, https:\/\/clubtecleno.org\/wp-content\/uploads\/2021\/02\/0006-768x593.jpg 768w, https:\/\/clubtecleno.org\/wp-content\/uploads\/2021\/02\/0006-1536x1187.jpg 1536w, https:\/\/clubtecleno.org\/wp-content\/uploads\/2021\/02\/0006-2048x1583.jpg 2048w\" sizes=\"(max-width: 2560px) 100vw, 2560px\" \/><\/p><\/div>\n\t\t\t\t\t\t\t\t\t<div class=\"elementor-tab-title elementor-tab-mobile-title\" aria-selected=\"false\" data-tab=\"7\" role=\"tab\" tabindex=\"-1\" aria-controls=\"elementor-tab-content-2967\" aria-expanded=\"false\">P\u00e1gina 7<\/div>\n\t\t\t\t\t<div id=\"elementor-tab-content-2967\" class=\"elementor-tab-content elementor-clearfix\" data-tab=\"7\" role=\"tabpanel\" aria-labelledby=\"elementor-tab-title-2967\" tabindex=\"0\" hidden=\"hidden\"><p><img loading=\"lazy\" decoding=\"async\" class=\"alignnone size-full wp-image-397\" src=\"https:\/\/clubtecleno.org\/wp-content\/uploads\/2021\/02\/0007-1-scaled.jpg\" alt=\"\" width=\"2560\" height=\"1978\" srcset=\"https:\/\/clubtecleno.org\/wp-content\/uploads\/2021\/02\/0007-1-scaled.jpg 2560w, https:\/\/clubtecleno.org\/wp-content\/uploads\/2021\/02\/0007-1-300x232.jpg 300w, https:\/\/clubtecleno.org\/wp-content\/uploads\/2021\/02\/0007-1-1024x791.jpg 1024w, https:\/\/clubtecleno.org\/wp-content\/uploads\/2021\/02\/0007-1-768x593.jpg 768w, https:\/\/clubtecleno.org\/wp-content\/uploads\/2021\/02\/0007-1-1536x1187.jpg 1536w, https:\/\/clubtecleno.org\/wp-content\/uploads\/2021\/02\/0007-1-2048x1583.jpg 2048w\" sizes=\"(max-width: 2560px) 100vw, 2560px\" \/><\/p><\/div>\n\t\t\t\t\t\t\t\t\t<div class=\"elementor-tab-title elementor-tab-mobile-title\" aria-selected=\"false\" data-tab=\"8\" role=\"tab\" tabindex=\"-1\" aria-controls=\"elementor-tab-content-2968\" aria-expanded=\"false\">P\u00e1gina 8<\/div>\n\t\t\t\t\t<div id=\"elementor-tab-content-2968\" class=\"elementor-tab-content elementor-clearfix\" data-tab=\"8\" role=\"tabpanel\" aria-labelledby=\"elementor-tab-title-2968\" tabindex=\"0\" hidden=\"hidden\"><p><img loading=\"lazy\" decoding=\"async\" class=\"alignnone size-full wp-image-348\" src=\"https:\/\/clubtecleno.org\/wp-content\/uploads\/2021\/02\/0008-scaled.jpg\" alt=\"\" width=\"2560\" height=\"1978\" srcset=\"https:\/\/clubtecleno.org\/wp-content\/uploads\/2021\/02\/0008-scaled.jpg 2560w, https:\/\/clubtecleno.org\/wp-content\/uploads\/2021\/02\/0008-300x232.jpg 300w, https:\/\/clubtecleno.org\/wp-content\/uploads\/2021\/02\/0008-1024x791.jpg 1024w, https:\/\/clubtecleno.org\/wp-content\/uploads\/2021\/02\/0008-768x593.jpg 768w, https:\/\/clubtecleno.org\/wp-content\/uploads\/2021\/02\/0008-1536x1187.jpg 1536w, https:\/\/clubtecleno.org\/wp-content\/uploads\/2021\/02\/0008-2048x1583.jpg 2048w\" sizes=\"(max-width: 2560px) 100vw, 2560px\" \/><\/p><\/div>\n\t\t\t\t\t\t\t\t\t<div class=\"elementor-tab-title elementor-tab-mobile-title\" aria-selected=\"false\" data-tab=\"9\" role=\"tab\" tabindex=\"-1\" aria-controls=\"elementor-tab-content-2969\" aria-expanded=\"false\">P\u00e1gina 9<\/div>\n\t\t\t\t\t<div id=\"elementor-tab-content-2969\" class=\"elementor-tab-content elementor-clearfix\" data-tab=\"9\" role=\"tabpanel\" aria-labelledby=\"elementor-tab-title-2969\" tabindex=\"0\" hidden=\"hidden\"><p><img loading=\"lazy\" decoding=\"async\" class=\"alignnone size-full wp-image-349\" src=\"https:\/\/clubtecleno.org\/wp-content\/uploads\/2021\/02\/0009-scaled.jpg\" alt=\"\" width=\"2560\" height=\"1978\" srcset=\"https:\/\/clubtecleno.org\/wp-content\/uploads\/2021\/02\/0009-scaled.jpg 2560w, https:\/\/clubtecleno.org\/wp-content\/uploads\/2021\/02\/0009-300x232.jpg 300w, https:\/\/clubtecleno.org\/wp-content\/uploads\/2021\/02\/0009-1024x791.jpg 1024w, https:\/\/clubtecleno.org\/wp-content\/uploads\/2021\/02\/0009-768x593.jpg 768w, https:\/\/clubtecleno.org\/wp-content\/uploads\/2021\/02\/0009-1536x1187.jpg 1536w, https:\/\/clubtecleno.org\/wp-content\/uploads\/2021\/02\/0009-2048x1583.jpg 2048w\" sizes=\"(max-width: 2560px) 100vw, 2560px\" \/><\/p><\/div>\n\t\t\t\t\t\t\t\t\t<div class=\"elementor-tab-title elementor-tab-mobile-title\" aria-selected=\"false\" data-tab=\"10\" role=\"tab\" tabindex=\"-1\" aria-controls=\"elementor-tab-content-29610\" aria-expanded=\"false\">P\u00e1gina 10<\/div>\n\t\t\t\t\t<div id=\"elementor-tab-content-29610\" class=\"elementor-tab-content elementor-clearfix\" data-tab=\"10\" role=\"tabpanel\" aria-labelledby=\"elementor-tab-title-29610\" tabindex=\"0\" hidden=\"hidden\"><p><img loading=\"lazy\" decoding=\"async\" class=\"alignnone size-full wp-image-352\" src=\"https:\/\/clubtecleno.org\/wp-content\/uploads\/2021\/02\/0010-scaled.jpg\" alt=\"\" width=\"2560\" height=\"1978\" srcset=\"https:\/\/clubtecleno.org\/wp-content\/uploads\/2021\/02\/0010-scaled.jpg 2560w, https:\/\/clubtecleno.org\/wp-content\/uploads\/2021\/02\/0010-300x232.jpg 300w, https:\/\/clubtecleno.org\/wp-content\/uploads\/2021\/02\/0010-1024x791.jpg 1024w, https:\/\/clubtecleno.org\/wp-content\/uploads\/2021\/02\/0010-768x593.jpg 768w, https:\/\/clubtecleno.org\/wp-content\/uploads\/2021\/02\/0010-1536x1187.jpg 1536w, https:\/\/clubtecleno.org\/wp-content\/uploads\/2021\/02\/0010-2048x1583.jpg 2048w\" sizes=\"(max-width: 2560px) 100vw, 2560px\" \/><\/p><\/div>\n\t\t\t\t\t\t\t<\/div>\n\t\t<\/div>\n\t\t\t\t\t\t<\/div>\n\t\t\t\t<\/div>\n\t\t\t\t\t<\/div>\n\t\t<\/div>\n\t\t\t\t\t<\/div>\n\t\t<\/section>\n\t\t\t\t<section class=\"elementor-section elementor-top-section elementor-element elementor-element-2b16e54 elementor-section-boxed elementor-section-height-default elementor-section-height-default\" data-id=\"2b16e54\" data-element_type=\"section\">\n\t\t\t\t\t\t<div class=\"elementor-container elementor-column-gap-default\">\n\t\t\t\t\t<div class=\"elementor-column elementor-col-100 elementor-top-column elementor-element elementor-element-bc6afb2\" data-id=\"bc6afb2\" data-element_type=\"column\">\n\t\t\t<div class=\"elementor-widget-wrap elementor-element-populated\">\n\t\t\t\t\t\t<div class=\"elementor-element elementor-element-6c94d7c elementor-widget elementor-widget-image\" data-id=\"6c94d7c\" data-element_type=\"widget\" data-widget_type=\"image.default\">\n\t\t\t\t<div class=\"elementor-widget-container\">\n\t\t\t\t\t\t\t\t\t\t\t\t\t\t\t\t<a href=\"https:\/\/clubtecleno.org\/wp-content\/uploads\/2021\/05\/ESTATUTOS-FINALES-2017.pdf\">\n\t\t\t\t\t\t\t<img loading=\"lazy\" decoding=\"async\" width=\"300\" height=\"57\" src=\"https:\/\/clubtecleno.org\/wp-content\/uploads\/2021\/05\/descargar-btn-300x57.jpg\" class=\"attachment-medium size-medium wp-image-782\" alt=\"\" srcset=\"https:\/\/clubtecleno.org\/wp-content\/uploads\/2021\/05\/descargar-btn-300x57.jpg 300w, https:\/\/clubtecleno.org\/wp-content\/uploads\/2021\/05\/descargar-btn.jpg 768w\" sizes=\"(max-width: 300px) 100vw, 300px\" \/>\t\t\t\t\t\t\t\t<\/a>\n\t\t\t\t\t\t\t\t\t\t\t\t\t\t\t<\/div>\n\t\t\t\t<\/div>\n\t\t\t\t\t<\/div>\n\t\t<\/div>\n\t\t\t\t\t<\/div>\n\t\t<\/section>\n\t\t\t\t<\/div>\n\t\t","protected":false},"excerpt":{"rendered":"<p>P\u00e1gina 1 P\u00e1gina 2 P\u00e1gina 3 P\u00e1gina 4 P\u00e1gina 5 P\u00e1gina 6 P\u00e1gina 7 P\u00e1gina 8 P\u00e1gina 9 P\u00e1gina 10 P\u00e1gina 1 P\u00e1gina 2 P\u00e1gina 3 P\u00e1gina 4 P\u00e1gina 5 P\u00e1gina 6 P\u00e1gina 7 P\u00e1gina 8 P\u00e1gina 9 P\u00e1gina 10<\/p>\n","protected":false},"author":2,"featured_media":0,"parent":0,"menu_order":0,"comment_status":"closed","ping_status":"closed","template":"page-templates\/full-width.php","meta":{"footnotes":""},"class_list":["post-20","page","type-page","status-publish","hentry"],"_links":{"self":[{"href":"https:\/\/clubtecleno.org\/index.php\/wp-json\/wp\/v2\/pages\/20","targetHints":{"allow":["GET"]}}],"collection":[{"href":"https:\/\/clubtecleno.org\/index.php\/wp-json\/wp\/v2\/pages"}],"about":[{"href":"https:\/\/clubtecleno.org\/index.php\/wp-json\/wp\/v2\/types\/page"}],"author":[{"embeddable":true,"href":"https:\/\/clubtecleno.org\/index.php\/wp-json\/wp\/v2\/users\/2"}],"replies":[{"embeddable":true,"href":"https:\/\/clubtecleno.org\/index.php\/wp-json\/wp\/v2\/comments?post=20"}],"version-history":[{"count":17,"href":"https:\/\/clubtecleno.org\/index.php\/wp-json\/wp\/v2\/pages\/20\/revisions"}],"predecessor-version":[{"id":788,"href":"https:\/\/clubtecleno.org\/index.php\/wp-json\/wp\/v2\/pages\/20\/revisions\/788"}],"wp:attachment":[{"href":"https:\/\/clubtecleno.org\/index.php\/wp-json\/wp\/v2\/media?parent=20"}],"curies":[{"name":"wp","href":"https:\/\/api.w.org\/{rel}","templated":true}]}}